be d(6). Let n = -34 + y. List the prime factors of n.
2, 5
Let f = -121 + 124. Suppose 0 = -2*h - 2*p + 111 + 93, 0 = -f*h - 5*p + 296. What are the prime factors of h?
107
Let y(r) be the first derivative of r**3/3 + r**2 + 4*r - 5. List the prime factors of y(3).
19
Suppose -17 = -d - 9. List the prime factors of 46/d - 4/(-16).
2, 3
Let j = 4001 + -17. What are the prime factors of j?
2, 3, 83
Suppose 51*o + 12*o = 142569. What are the prime factors of o?
31, 73
Suppose t - 3328 = -1022. List the prime factors of t.
2, 1153
Let b(p) = -p**3 - 11*p**2 - 19*p - 25. List the prime factors of b(-13).
2, 5, 7
Suppose 0 = -c + 5 + 4. Let y = -38 + 70. Suppose 0 = -j + y - c. List the prime factors of j.
23
Suppose -2*d + 28 + 2 = 0. Suppose d*q + 30 = 20*q. Suppose -q*c + 6 = -4*c. List the prime factors of c.
3
Let z(p) = p**3 - 3*p**2 - 3*p - 3. Let q be z(4). Let g be (2 + q)*6/2. Suppose -g = -b + 25. List the prime factors of b.
2, 17
Let n = 99 - 20. Let q = n + -41. List the prime factors of q.
2, 19
Let z = 4595 - 1818. What are the prime factors of z?
2777
Let h = -39 - -56. Suppose -3*s - h = -3*l + 16, -33 = -3*l - s. List the prime factors of l.
11
Let r(u) be the third derivative of u**4/24 + 3*u**3 - 2*u**2. Let v be 0 + (-1*1 - -1). What are the prime factors of r(v)?
2, 3
Let w = 1130 - -1606. What are the prime factors of w?
2, 3, 19
Let o = 575 - -170. What are the prime factors of o?
5, 149
Suppose -q + 5 = -0*q. Suppose -p - 15 = -2*p - 2*k, -p - q*k + 3 = 0. List the prime factors of p.
23
Let j = 162 + -158. Suppose -2*i = -4*q + q - 255, -20 = j*q. What are the prime factors of i?
2, 3, 5
Let u(n) = 3*n**2 + n - n**3 - 5*n**2 + 3*n + 4 + n. Let h be u(-4). Suppose h = 5*b - 29. What are the prime factors of b?
3
Let s(z) = -z**2 - 18*z + 11. Let o be s(-8). Suppose -3*w = -0*w - 15, -o = -3*i - 5*w. What are the prime factors of i?
2, 11
Let n = -239 + 411. Let a = n + -64. List the prime factors of a.
2, 3
Let o = 451 + 878. What are the prime factors of o?
3, 443
Let d = 28 + -27. What are the prime factors of -3*1*d - 416/(-13)?
29
Let g = -13 + 16. Suppose 19 + 12 = 4*x - 5*v, 5*v + g = -3*x. What are the prime factors of 36/(x/(-1) + 6)?
2, 3
Let g(x) = 2*x + 1. Let u be g(1). Suppose 0 = -39*v + 47*v - 40. Suppose -u*m + v*i = -153, m - i - 3*i - 58 = 0. What are the prime factors of m?
2, 23
Suppose 0*o - o + 3*x + 344 = 0, 2*x + 1386 = 4*o. List the prime factors of o.
347
What are the prime factors of ((-8)/(-1))/((-17)/(-26724)*12)?
2, 131
Suppose 3*c - 3751 = -3*a - a, -6 = 2*c. List the prime factors of a.
2, 5, 47
Suppose -4*o - 60 = 2*u, -46 = 3*o - u + 4. Let f(p) = 40*p - 1. Let y be f(-1). Let j = o - y. What are the prime factors of j?
5
List the prime factors of ((-30)/(-9))/((-4 + 12)/2088).
2, 3, 5, 29
Let g = -4 + 6. Suppose 4*r = 5*h + 32, 5*r - g*h = -7*h - 5. Suppose f + 12 = r*f. What are the prime factors of f?
2, 3
Let w(y) = -y**3 - y**2 - 2*y + 100. Suppose 7*i = 5*i. What are the prime factors of w(i)?
2, 5
Let o = -151 + 149. List the prime factors of (4/32*68)/(o/(-28)).
7, 17
Let h(i) = 2*i**3 - 7*i**2 + 10*i - 14. List the prime factors of h(7).
3, 7, 19
Suppose -8*d + 43 - 115 = 0. Let r = d + 36. What are the prime factors of r?
3
Suppose 3*k - 180 = 6*k. Let u be (-1 - -2)*(1 + 84). Let n = k + u. What are the prime factors of n?
5
Let i be -3 + 0 + 3 + 1*-3. What are the prime factors of ((0 + -411)/3)/(i/3)?
137
Let h be (-12)/(-15)*(2 - -3). Suppose 0 = -h*o - 0*o - 5*p + 179, -2*o - 3*p + 89 = 0. What are the prime factors of o?
2, 23
Suppose 32*i - 44642 = 16670. List the prime factors of i.
2, 479
Let p(a) = 86*a - 2. Let j be p(2). Suppose -35 = -2*r + b + 18, 5*b - j = -5*r. List the prime factors of r.
29
List the prime factors of 3984/18 - (-7)/(126/12).
2, 3, 37
Let o = 798 - -196. What are the prime factors of o?
2, 7, 71
Let l be ((-14)/8)/(16/(-448)). Let m = 124 - l. What are the prime factors of m?
3, 5
Let o(l) = -l + 1. Let z(g) = -2*g - 4. Let w(r) = 3*o(r) - z(r). Let p = 9 + -18. List the prime factors of w(p).
2
Let h(n) = n**2 - 5. Let d be h(-7). Suppose 4*a + y = d, -6 - 5 = -a - 2*y. Suppose -3*g + a + 49 = 0. What are the prime factors of g?
2, 5
Suppose 4*h = 3*g + 19, 0 = 3*h + 3*g - 0*g - 30. Suppose -2*o = -b + 10, 2*b - o - h = b. List the prime factors of b.
2
Let s be (-2)/1 - (8 - 27). Suppose 324 = -11*k + s*k. What are the prime factors of k?
2, 3
Let q be (-1 + 2)/((-9)/117). Let w(p) = -p - 8. Let h be w(q). Suppose 26 = 3*i + s - 35, -i - h*s + 25 = 0. List the prime factors of i.
2, 5
Let h = 1208 - 735. What are the prime factors of h?
11, 43
Let m be 1/(5/15*-1). Let h = -14 - m. Let z(u) = -3*u - 6. List the prime factors of z(h).
3
Suppose 0*s - 4*s = -92. Suppose -4*n + 3*b = -2*n - 51, n - s = -b. What are the prime factors of n?
2, 3
What are the prime factors of (-106)/265 - (94752/(-10))/3?
2, 1579
What are the prime factors of (-6)/(-8)*55456/24?
1733
Suppose 17*t - 6525 + 133 = 0. What are the prime factors of t?
2, 47
Let t be ((-33)/(-6))/(4/16). Suppose 0 = -s + 2*y - 8 - 10, 4*s + 4*y = -24. List the prime factors of (-476)/s - t/(-55).
2, 3
Let t(p) = p**2 + 13*p + 22. Let k be t(-11). Suppose -x - 2*x + 60 = k. List the prime factors of (45/x)/((-2)/(-16)).
2, 3
Suppose s - 31 = -5*r + 26, 5*s - 231 = 2*r. Let u = -12 + s. What are the prime factors of u?
5, 7
Suppose -2*h = -u - 1574, 0 = -h - 0*h - 2*u + 797. What are the prime factors of h?
3, 263
Let v be -2 - (-1 + 42)*(-6 - -4). Let b = v - -2. List the prime factors of b.
2, 41
Let u be (-1)/2 + 23/2. Suppose -3*l - 5 + u = 0. Suppose 0*j + z = j - 5, l*j - 3*z - 9 = 0. List the prime factors of j.
2, 3
Let v = -8 - -15. Suppose 3*w + 3*p - 184 = v*p, w = 5*p + 43. Suppose -4*q = 4*l - w, 3 = -2*q + 2*l + 41. List the prime factors of q.
2, 3
Let y be 6/4*(-36)/3. Let z be (-68)/y + (-10)/(-45). Suppose 5*j + 59 = z*s, 3*j - 49 = -3*s + 2*j. List the prime factors of s.
2
Let r(f) = -37*f - 103. List the prime factors of r(-7).
2, 3, 13
Let d(z) = 7*z**3 - 4*z**2 + 6*z - 1 - 6*z**3 - 3. Let m be (0/(-1) + 1)*4. What are the prime factors of d(m)?
2, 5
Let l be 22/5 - (5 + 140/(-25)). Suppose -8*j - l*c + 219 = -4*j, -4*j + 198 = -2*c. List the prime factors of j.
3, 17
Let t = -3 + 5. Let w be 30*(-5 + 64/12). Suppose -4*a = t - w. What are the prime factors of a?
2
Let n(l) = 25*l**2 - 2. Let i be n(3). Let w = i - 112. What are the prime factors of w?
3, 37
Let a = 2 + 16. Let r = 10 - a. Let x = 27 - r. List the prime factors of x.
5, 7
Let p(n) = 6*n**2 + 20*n + 11. Let w be p(-14). Suppose -w = -7*q - 172. What are the prime factors of q?
3, 5, 7
Suppose s + 5*t + 5 = 0, -t = -3*s + 28 + 21. Let x be (-2)/s + (-2086)/105. Let i = x + 38. List the prime factors of i.
2, 3
Suppose 0 = -2*p + 2*d + 12, 16 = -4*p + 5*p - 3*d. Let t(h) = 5*h**3 + 2*h - 1. Let f be t(p). List the prime factors of (-414)/(-22) + f/33.
19
Suppose -12*u + 15498 = 15*u. What are the prime factors of u?
2, 7, 41
Suppose -21*x + 5 = -20*x. Suppose -4*c + 238 = 5*t, 3*c - x*t - 163 = -t. What are the prime factors of c?
3, 19
Let c be ((-1)/6 + (-77)/66)*-42. Let n = c + -33. What are the prime factors of n?
23
Let v = 466 - 145. What are the prime factors of v?
3, 107
Suppose -23 = -3*u - 4*s, 5*u + 5*s - 6 = 3*u. List the prime factors of (-37 + 1)*(-1 + u/(-3)).
2, 3
Suppose -32*l = -36*l + 12. Let w(m) = 22*m + 2. Let z be w(5). Suppose l*x = -x + z. List the prime factors of x.
2, 7
Suppose 2*m + 2*g = -0*m + 12, -2*m - 12 = -4*g. Let c(s) = -2*s**2 - 5 - m*s**2 - 2*s + 5*s**2 + 3*s. List the prime factors of c(-4).
7
Suppose -f - 5 = -2*f. Suppose f*a - a - 28 = 0. What are the prime factors of a?
7
Suppose 2*x = -3*x + 4*a + 1164, a - 476 = -2*x. Suppose 5*v - 119 = x. List the prime factors of v.
71
Let q(j) = -58*j + 20. Let h(o) = -29*o + 10. Let b(w) = 5*h(w) - 2*q(w). What are the prime factors of b(-3)?
97
Suppose 5*w - h = -2*h + 11485, 5 = h. What are the prime factors of w?
2, 7, 41
Suppose -1974 + 492 = -26*h. List the prime factors of h.
3, 19
Suppose -6*s = -1574 + 134. List the prime factors of (4 - 16/5)/(1/s).
2, 3
Let g(a) = a + 9. Let c be g(-6). Suppose 3*u = -3*v + 